k + 640 = 0. Let t be 1/(3 + k/(-43)). Let w = t - 30. What are the prime factors of w?
13
Let s = -367 - -520. Let n = s - 49. What are the prime factors of n?
2, 13
Suppose -k = -0*k - 2170. Let y = -1399 + k. What are the prime factors of y/15 - (-12)/20?
2, 13
Suppose 5*f + 1 = 11. Suppose f*z + 156 = 4*z. List the prime factors of z.
2, 3, 13
Let m(i) = -i**3 + 5*i**2 + i - 3. Let k be m(5). Let y(l) = 23*l - 1. What are the prime factors of y(k)?
3, 5
Suppose 18*c + 457 = 19*c. What are the prime factors of c?
457
Let c(o) = -o**3 - 25*o**2 + 28*o + 37. Let w be c(-26). Let r(n) = -19*n - 53. List the prime factors of r(w).
2, 29
Suppose 4*n + 2*x = 5*x + 35, -2*n + 3*x + 25 = 0. Suppose -4*p - 13 - 61 = -2*v, 3*v - n*p = 110. List the prime factors of v.
5, 7
Let s = -6873 - -9809. List the prime factors of s.
2, 367
Let j be (7/(-21))/((-2)/(-9822)). List the prime factors of 20/(-50) + j/(-5).
3, 109
Suppose -33*w + 2432 = -14*w. What are the prime factors of w?
2
Let z(n) = -2*n - 29 + 17 + 15. Let c be z(-4). Let o = c + 30. What are the prime factors of o?
41
Suppose a = -d + 120, 2*a + d = 315 - 80. Suppose s + 2*q - a = 0, -5*q = -0*q - 20. What are the prime factors of s?
107
List the prime factors of (1333 - -5)/((-10)/(-5)).
3, 223
Suppose 0 = 3*a + 4*x - 4, 3*a - 4*x + 2 = -2*x. Suppose 2*i - 66 - 80 = a. What are the prime factors of i?
73
Let n be ((1 - 0) + 1)*-4. Let a = 24 - n. List the prime factors of a.
2
List the prime factors of (1916/14)/((-21)/(-294)).
2, 479
Suppose -2*o + 3*o = 12. What are the prime factors of o/21 + (-5238)/(-21)?
2, 5
Let s(y) = -y**3 - 3*y**2 - 5*y - 3. Let d be s(-2). Suppose 2*i + d*i = 225. Suppose -2*x + 21 = -i. List the prime factors of x.
3, 11
Suppose 0*m + 4*m = i + 716, -556 = -3*m - 4*i. Suppose 3*w = -2*n + m, 2*n + n + 4*w - 270 = 0. List the prime factors of n.
2, 3, 5
Let j = 2529 - 1765. What are the prime factors of j?
2, 191
Suppose f - 4*s - 1033 = 0, -9*f + 3078 = -6*f - 5*s. What are the prime factors of f?
1021
Suppose -4*f + 730 = -5*n, 20*n + 183 = f + 19*n. What are the prime factors of f?
5, 37
Let v = -15 - -19. Suppose 4*a + v*c = -48, -3*a + 3*c - 44 = 2*a. List the prime factors of 5/(-25) + (-582)/a.
2, 29
Let a(q) = -q + 5. Let p be a(-8). Let v(z) = z - 7. Let d be v(p). Suppose -52 = d*s - 142. What are the prime factors of s?
3, 5
Suppose 5*k = 343 + 192. What are the prime factors of k?
107
Let x(o) = o**2 + 6*o - 7. Let s be x(-7). Suppose 5*a + u + 3*u - 136 = s, 23 = a + 5*u. What are the prime factors of a?
2, 7
Let m be 1/(-4)*(-23 + 15). Let u(q) = 142*q - 10. List the prime factors of u(m).
2, 137
Suppose 4 = -8*l + 708. List the prime factors of l.
2, 11
Let q be (-14)/7 - 3*-3. Let r be (-2 + 40)/(1/(-7)*-1). Suppose q*x - 119 = r. What are the prime factors of x?
5, 11
What are the prime factors of (-36)/(-180) + 2914/5 + 0?
11, 53
Suppose o - 4750 = -4*q - 2*o, -4*o = -4*q + 4764. Suppose 75 + q = 8*h. List the prime factors of h.
2, 79
Let x = 32 - 25. Let p(i) be the first derivative of 3*i**2/2 + 5*i - 3. List the prime factors of p(x).
2, 13
List the prime factors of ((-2110)/3)/((-76)/114).
5, 211
Let x = 5243 - 1862. What are the prime factors of x?
3, 7, 23
Let j = -3451 - -4865. What are the prime factors of j?
2, 7, 101
Suppose 2367 = -43*i + 21889. List the prime factors of i.
2, 227
Let d = -1941 - -2371. What are the prime factors of d?
2, 5, 43
Let v = 304 - 136. What are the prime factors of ((-21)/(-6))/7*v?
2, 3, 7
Let b = 17 + -15. Let s(x) = 17*x**2 - 4*x - 2. Let k be s(b). What are the prime factors of (4 - k - 1)*-1?
5, 11
List the prime factors of (-3091)/(-3) - (16/3 - 6).
1031
Let u = 1529 - 434. What are the prime factors of u?
3, 5, 73
Let n(u) = -u**3 - 2*u**2 + 4*u + 3. Let b be n(-3). Suppose 4*q - 7*q + 135 = b. List the prime factors of q.
3, 5
Suppose 5*z - 8 = 2*s, 3*z + 6 = -0*s + 3*s. Suppose 0 = s*a - a - 40. What are the prime factors of a?
2
Let d(q) = q**3 + 11*q**2 - 8*q + 2. Let h be (-4)/16 - 43/4. What are the prime factors of d(h)?
2, 3, 5
Let w = -14 - -12. Let q = w + 4. List the prime factors of q/2*(-228)/(-12).
19
Suppose -7*r = -6*r. What are the prime factors of (-3)/12*r + 42?
2, 3, 7
Let z = 47 + -41. Suppose z*l + 6*l = 1140. List the prime factors of l.
5, 19
Let h(i) = 2*i + 18. Let v be h(-7). List the prime factors of 3/(-6) + 706/v.
2, 11
Let a be (-4)/(-30) + 112/60. Suppose 4*x - 69 = -b, -x + a*b = -2*b + 4. List the prime factors of x.
2
Let q = -861 - -3505. List the prime factors of q.
2, 661
Let z = -1193 + 2246. What are the prime factors of z?
3, 13
Suppose 5*a + 2873 = -4*d + 6*d, 3*a = 3*d - 4314. What are the prime factors of d?
1439
Let a(p) = -2*p**2 + 77*p - 114. What are the prime factors of a(18)?
2, 3, 13
Let y(k) = k**3 - 18*k**2 + 5*k - 49. Let a be y(20). Suppose a = 5*u + l + l, u - 5*l = 154. List the prime factors of u.
13
Suppose 16*m - 4*m - 11220 = 0. Suppose 0 = o + 4*j - 211, -4*j = 2*o - 7*o + m. What are the prime factors of o?
191
Let o = 18 + -16. Suppose -2*a + 9 = 4*f - 7, -16 = -o*f + a. Let s = f + 25. List the prime factors of s.
31
Let c = 880 + -558. List the prime factors of c.
2, 7, 23
Let q be (7*(-12)/8)/((-3)/(-6)). What are the prime factors of (-60 - -2)/(-3*(-2)/q)?
7, 29
Let i(u) = 176*u**2 - 5*u - 1. Let h be i(-2). Suppose -3*n + 46 = -h. List the prime factors of n.
11, 23
Let w = 9 + -25. Let i(v) = v**2 + 13*v - 14. Let x be i(w). Suppose 2*f = 6 + x. What are the prime factors of f?
2, 5
Let p(z) be the second derivative of -z**3/2 - 3*z**2/2 - 4*z. Let f be p(-2). Suppose f*q = 4 + 50. List the prime factors of q.
2, 3
Suppose 0 = -3*u, 8909 = 5*b - 3*u - 4071. List the prime factors of b.
2, 11, 59
Suppose -12*v + 9*v + z + 8 = 0, 0 = 5*v - 4*z - 4. Suppose 3*t = -t + 8, -v*j + 4*t + 608 = 0. List the prime factors of j.
2, 7, 11
Let i = -1764 + 4479. List the prime factors of i.
3, 5, 181
What are the prime factors of 246/(-1353) - 117154/(-22)?
3, 5, 71
Suppose 5*f - 3105 = 310. List the prime factors of f.
683
Let q(a) = -a + 8. Suppose 8*u - 5*u = -27. List the prime factors of q(u).
17
Let c(v) = -v**3 + 2*v**2 - 3*v + 24. What are the prime factors of c(0)?
2, 3
Let r = 189 + -93. Suppose -7*p - p + r = 0. What are the prime factors of p?
2, 3
Let b(d) be the third derivative of -d**4/6 + 8*d**3/3 + 21*d**2. What are the prime factors of b(-17)?
2, 3, 7
Let l = 943 - 272. List the prime factors of l.
11, 61
Let o(j) = -j**3 + 12*j**2 + 5*j + 28. List the prime factors of o(6).
2, 137
Suppose -3 = -a + 4*a. What are the prime factors of 11/1*a/(-1)?
11
Suppose -605 = -2*b + 175. What are the prime factors of b?
2, 3, 5, 13
Let x(p) = 110*p - 3. Let q(j) = -329*j + 9. Let u(f) = -6*q(f) - 17*x(f). What are the prime factors of u(1)?
101
Suppose 1917 = -4*u + 4*z + 17949, -u - 3*z = -3988. What are the prime factors of u?
4003
Let o be 2/8 + 1116/16. Suppose 7*g - o = 2*g. Suppose g = 4*h - 10. List the prime factors of h.
2, 3
Let m = 820 - 566. What are the prime factors of m?
2, 127
Let v(j) = -j + 1. Let y be v(1). Suppose 6*g - 2*g + 32 = y. Let w = 14 + g. List the prime factors of w.
2, 3
Let m be -1*(3 + 0)/(3/(-18)). Suppose 48 - m = 2*v. What are the prime factors of v?
3, 5
Let c = 2822 + -1966. List the prime factors of c.
2, 107
Suppose 3*b - 5*n = -0*n - 3, 4*n - 4 = 4*b. List the prime factors of 0 - b - 5/(-1).
2, 3
Suppose 0*b = -y + 3*b + 323, 3*b + 963 = 3*y. List the prime factors of y.
2, 5
Suppose -4*k = -314 + 34. Let z be 32 + (-2)/2 + -1. List the prime factors of k/3*z/20.
5, 7
Let b be 8/(-44) + 228/44 - -3. Suppose b*w = 3*w + 660. What are the prime factors of w?
2, 3, 11
Suppose 93 = -4*g + 13. Let p be 8/(-20) + (792/30)/(-4). Let n = p - g. What are the prime factors of n?
13
Let s = -62 + 70. Suppose -913 + 177 = -s*n. What are the prime factors of n?
2, 23
Suppose 0 = -5*c + 2*c + 2*v - 28, -47 = 5*c - 3*v. Let m(p) = p**2 + 7*p + 11. List the prime factors of m(c).
41
Suppose 5*p + 14 = y, -10 = y + 5*p - 34. Let r = y - -39. List the prime factors of r.
2, 29
Suppose -10*g = -9*g - 228. What are the prime factors of g?
2, 3, 19
Let h(p) = -p - 4. Let w be h(-6). Suppose 0*d + w*d - 8 = 0.